d 68.
1
Calculate the highest common factor of 249 and 3.
3
Calculate the highest common factor of 134 and 3149.
67
What is the highest common divisor of 163 and 46129?
163
Calculate the greatest common factor of 16 and 1296.
16
What is the highest common factor of 3969 and 294?
147
What is the greatest common factor of 2601 and 153?
153
What is the highest common divisor of 162 and 6?
6
What is the greatest common divisor of 72 and 48?
24
What is the greatest common divisor of 3014 and 88?
22
Calculate the greatest common factor of 35 and 86345.
35
Calculate the highest common factor of 20 and 155.
5
What is the greatest common factor of 618 and 103?
103
What is the greatest common factor of 596 and 4619?
149
Calculate the highest common divisor of 510 and 410.
10
Calculate the highest common factor of 1265 and 621.
23
What is the highest common factor of 36 and 17262?
18
What is the greatest common divisor of 14 and 21?
7
What is the highest common factor of 319 and 435?
29
What is the highest common divisor of 104 and 8?
8
Calculate the highest common factor of 38 and 22306.
38
What is the greatest common divisor of 4 and 956?
4
What is the greatest common factor of 62 and 682?
62
What is the greatest common divisor of 129 and 55857?
129
What is the greatest common divisor of 2091 and 17?
17
Calculate the greatest common divisor of 40 and 90.
10
What is the greatest common factor of 481 and 52?
13
What is the greatest common factor of 86 and 774?
86
What is the highest common divisor of 1260 and 28?
28
Calculate the greatest common factor of 574 and 49.
7
Calculate the highest common divisor of 30 and 3210.
30
What is the highest common divisor of 1840 and 805?
115
Calculate the greatest common factor of 128 and 14.
2
What is the greatest common factor of 12 and 84?
12
Calculate the highest common factor of 9 and 153.
9
What is the greatest common factor of 2397 and 221?
17
What is the highest common factor of 2366 and 507?
169
What is the greatest common factor of 2088 and 192?
24
What is the greatest common factor of 96 and 480?
96
What is the highest common divisor of 138 and 24?
6
Calculate the highest common factor of 1120 and 35.
35
Calculate the greatest common divisor of 30 and 9555.
15
What is the greatest common divisor of 1218 and 105?
21
Calculate the greatest common factor of 143 and 11.
11
What is the greatest common factor of 5 and 10?
5
What is the highest common factor of 1344 and 84?
84
Calculate the highest common factor of 7 and 93163.
7
What is the highest common factor of 58 and 261?
29
Calculate the greatest common factor of 11 and 44.
11
What is the highest common factor of 23898 and 168?
42
What is the greatest common divisor of 201 and 134?
67
What is the greatest common divisor of 224 and 1876?
28
What is the greatest common factor of 1406 and 38?
38
What is the highest common divisor of 1246 and 14?
14
What is the highest common divisor of 21 and 749?
7
What is the greatest common factor of 186 and 2666?
62
What is the greatest common divisor of 256 and 116?
4
Calculate the greatest common divisor of 533 and 13.
13
What is the greatest common divisor of 10 and 1220?
10
Calculate the greatest common divisor of 27 and 15.
3
What is the highest common divisor of 26670 and 127?
127
What is the greatest common divisor of 1179 and 131?
131
What is the highest common factor of 2871 and 792?
99
What is the highest common factor of 538 and 6?
2
What is the highest common divisor of 24 and 4116?
12
Calculate the greatest common factor of 4 and 3046.
2
Calculate the highest common factor of 6 and 30.
6
What is the greatest common divisor of 59 and 472?
59
What is the greatest common factor of 448 and 420?
28
Calculate the greatest common factor of 9234 and 38.
38
Calculate the highest common divisor of 3633 and 63.
21
What is the highest common divisor of 27192 and 44?
44
Calculate the greatest common factor of 128 and 208.
16
What is the highest common factor of 3922 and 106?
106
Calculate the greatest common factor of 1536 and 90.
6
Calculate the greatest common factor of 4 and 12148.
4
What is the highest common factor of 71 and 21655?
71
Calculate the highest common factor of 87 and 667.
29
Calculate the highest common factor of 2451 and 133.
19
What is the highest common factor of 1978 and 344?
86
What is the highest common divisor of 1605 and 6?
3
What is the greatest common factor of 404 and 4?
4
Calculate the highest common divisor of 40204 and 152.
76
What is the highest common factor of 10 and 890?
10
What is the greatest common factor of 12 and 12408?
12
What is the highest common factor of 486 and 36?
18
What is the greatest common factor of 40 and 150?
10
What is the highest common factor of 776 and 8?
8
What is the highest common divisor of 169 and 91?
13
What is the highest common factor of 97 and 3?
1
Calculate the greatest common divisor of 490 and 20.
10
What is the greatest common factor of 57 and 55347?
57
Calculate the greatest common factor of 91 and 117.
13
What is the greatest common factor of 32 and 416?
32
What is the greatest common factor of 36 and 1071?
9
Calculate the highest common divisor of 12 and 102.
6
Calculate the greatest common factor of 630 and 5922.
126
What is the greatest common divisor of 903 and 84?
21
What is the greatest common divisor of 154 and 3157?
77
What is the greatest common divisor of 108 and 14922?
18
What is the greatest common divisor of 154 and 70?
14
Calculate the highest common divisor of 526 and 4.
2
What is the highest common divisor of 62 and 31?
31
Calculate the greatest common factor of 200 and 440.
40
What is the greatest common divisor of 5 and 160?
5
What is the greatest common factor of 190 and 30?
10
Calculate the highest common factor of 110 and 32.
2
What is the greatest common divisor of 436 and 13189?
109
Calculate the highest common factor of 35436 and 12.
12
What is the highest common factor of 546 and 126?
42
What is the highest common divisor of 5451 and 69?
69
Calculate the greatest common divisor of 403 and 13.
13
Calculate the greatest common factor of 3650 and 20.
10
What is the greatest common factor of 470 and 250?
10
Calculate the highest common divisor of 5 and 65.
5
What is the highest common divisor of 140 and 595?
35
Calculate the highest common factor of 84 and 182.
14
What is the greatest common divisor of 11 and 275?
11
What is the greatest common divisor of 1146 and 23302?
382
Calculate the highest common divisor of 208 and 468.
52
Calculate the greatest common divisor of 7222 and 276.
46
What is the greatest common factor of 56 and 424?
8
Calculate the greatest common factor of 13812 and 12.
12
What is the highest common factor of 7 and 49?
7
What is the highest common divisor of 901 and 53?
53
Calculate the greatest common factor of 923 and 142.
71
What is the greatest common factor of 2107 and 86?
43
Calculate the highest common factor of 417 and 66.
3
What is the highest common factor of 219 and 365?
73
What is the greatest common factor of 3995 and 1880?
235
Calculate the highest common divisor of 90 and 5625.
45
What is the highest common divisor of 3 and 647?
1
Calculate the highest common factor of 27 and 216.
27
What is the highest common divisor of 14 and 88?
2
What is the greatest common divisor of 30 and 960?
30
What is the greatest common divisor of 103 and 3193?
103
Calculate the greatest common divisor of 6 and 102.
6
Calculate the greatest common divisor of 174 and 522.
174
What is the highest common factor of 63 and 35?
7
Calculate the highest common factor of 38 and 16.
2
What is the greatest common divisor of 52 and 2080?
52
Calculate the greatest common divisor of 19 and 513.
19
What is the greatest common factor of 280 and 35?
35
Calculate the highest common divisor of 120 and 320.
40
What is the greatest common divisor of 48 and 108?
12
Calculate the greatest common factor of 20176 and 104.
104
What is the greatest common factor of 3819 and 57?
57
Calculate the greatest common divisor of 369 and 164.
41
What is the highest common divisor of 330 and 945?
15
Calculate the highest common factor of 2674 and 42.
14
What is the greatest common factor of 46 and 1242?
46
What is the greatest common divisor of 72